{"id":483,"date":"2015-12-30T19:40:50","date_gmt":"2015-12-30T17:40:50","guid":{"rendered":"http:\/\/rasimyagar.com\/?page_id=483"},"modified":"2015-12-30T19:40:50","modified_gmt":"2015-12-30T17:40:50","slug":"cografi-durumu","status":"publish","type":"page","link":"https:\/\/www.masev.org\/dernek\/cografi-durumu\/","title":{"rendered":"Co\u011frafi Durumu"},"content":{"rendered":"<p>Kasabam\u0131z, Tokat, Yozgat ve Sivas \u00fc\u00e7geninde bulunmakta olup \u00fc\u00e7 ilimizin k\u00f6ylerine s\u0131n\u0131r\u0131 vard\u0131r. Tokat \u2018 a uzakl\u0131\u011f\u0131 60 km civar\u0131ndad\u0131r. Kasaba iki dere aras\u0131nda yama\u00e7lara yerle\u015fmi\u015ftir.<\/p>\n","protected":false},"excerpt":{"rendered":"<p>Kasabam\u0131z, Tokat, Yozgat ve Sivas \u00fc\u00e7geninde bulunmakta olup \u00fc\u00e7 ilimizin k\u00f6ylerine s\u0131n\u0131r\u0131 vard\u0131r. Tokat \u2018 a uzakl\u0131\u011f\u0131 60 km civar\u0131ndad\u0131r. Kasaba iki dere aras\u0131nda yama\u00e7lara yerle\u015fmi\u015ftir.<\/p>\n","protected":false},"author":35,"featured_media":0,"parent":0,"menu_order":0,"comment_status":"closed","ping_status":"closed","template":"","meta":{"footnotes":""},"class_list":["post-483","page","type-page","status-publish","hentry"],"_links":{"self":[{"href":"https:\/\/www.masev.org\/dernek\/wp-json\/wp\/v2\/pages\/483","targetHints":{"allow":["GET"]}}],"collection":[{"href":"https:\/\/www.masev.org\/dernek\/wp-json\/wp\/v2\/pages"}],"about":[{"href":"https:\/\/www.masev.org\/dernek\/wp-json\/wp\/v2\/types\/page"}],"author":[{"embeddable":true,"href":"https:\/\/www.masev.org\/dernek\/wp-json\/wp\/v2\/users\/35"}],"replies":[{"embeddable":true,"href":"https:\/\/www.masev.org\/dernek\/wp-json\/wp\/v2\/comments?post=483"}],"version-history":[{"count":0,"href":"https:\/\/www.masev.org\/dernek\/wp-json\/wp\/v2\/pages\/483\/revisions"}],"wp:attachment":[{"href":"https:\/\/www.masev.org\/dernek\/wp-json\/wp\/v2\/media?parent=483"}],"curies":[{"name":"wp","href":"https:\/\/api.w.org\/{rel}","templated":true}]}}