{"id":477,"date":"2015-12-30T19:37:25","date_gmt":"2015-12-30T17:37:25","guid":{"rendered":"http:\/\/rasimyagar.com\/?page_id=477"},"modified":"2015-12-30T19:37:25","modified_gmt":"2015-12-30T17:37:25","slug":"tarihimiz","status":"publish","type":"page","link":"https:\/\/www.masev.org\/dernek\/tarihimiz\/","title":{"rendered":"Tarihimiz"},"content":{"rendered":"<p>&nbsp;<\/p>\n<p>Tokat&#8217;\u0131n il\u00e7esi olan Sulusaray&#8217;a 6 km uzakl\u0131kta olan Dutluca kasabas\u0131\u00a0 ge\u00e7mi\u015ften g\u00fcn\u00fcm\u00fcze\u00a0kadar \u00e7ok geli\u015fmese de baz\u0131 yenilikler yap\u0131lm\u0131\u015ft\u0131r. \u0130lk \u00f6nceleri\u00a0<b>\u201cPelitli Tekkesi<\/b>\u201c k\u00f6y\u00fc olarak bilinen kasabam\u0131z daha sonralar\u0131\u00a0<b>\u201cMalum Seyit Tekkesi<\/b>\u201d ismini alm\u0131\u015f ve bu isimle civarlarda yayg\u0131nla\u015fm\u0131\u015ft\u0131r. Kasabam\u0131z\u00a0\u00a0daha sonradan yap\u0131lan de\u011fi\u015fiklikle\u00a0<b>\u201cDutluca\u201d<\/b>\u00a0kasabas\u0131\u00a0 ad\u0131n\u0131 alm\u0131\u015ft\u0131r. Kasabam\u0131zda bir tane dahi dut a\u011fac\u0131 olmamas\u0131na ra\u011fmen tamamen tesad\u00fcf eseri bu isim verilmi\u015ftir. Kasabam\u0131z 1990 Y\u0131l\u0131nda Belediyelik olmu\u015ftur. Kasabada\u00a0ziyaret edilen yerler\u00a0 yayla, baraj ve\u00a0<b>Malum Seyit \u00d6mer Hazretlerinin<\/b>\u00a0Kabr- i \u015ferifleridir. Kasaban\u0131n 3 tane camisi ve 2 tane okulu vard\u0131r. Kasaba&#8217;da \u015fimdiye kadar\u00a03 tane ba\u015fkan g\u00f6rev yapm\u0131\u015ft\u0131r. 3 mahallesi olan kasabam\u0131zda \u00fc\u00e7 muhtarl\u0131k bulunmaktad\u0131r. \u0130ki tane okulu olmas\u0131na ra\u011fmen iyi e\u011fitim vermeye \u00e7al\u0131\u015f\u0131r. Kasaban\u0131n\u00a0insanlar\u0131 olduk\u00e7a\u00a0s\u0131cak kanl\u0131, cana yak\u0131n ve misafirperverdir.<\/p>\n<div align=\"center\">\n<hr align=\"center\" noshade=\"noshade\" size=\"0\" width=\"0%\" \/>\n<\/div>\n<p>Sulusaray il\u00e7esine ba\u011fl\u0131 Dutluca kasabas\u0131n\u0131n merkezinde Malum Seyit Camisinin i\u00e7inde bulunmaktad\u0131r.Burada yatan zat\u0131n ad\u0131 Seyit \u00d6mer\u2019dir.T\u00fcrbenin yap\u0131l\u0131\u015f tarihi 1278\u2019dir.<\/p>\n<p>Seyit \u00d6mer, onuncu y\u0131llar\u0131n sonu, on birinci y\u0131llar\u0131n ba\u015f\u0131nda Horasan\u2019dan gelen Alp erenlerden biridir. Ya\u015fad\u0131\u011f\u0131 y\u0131llarda halk\u0131n g\u00f6nl\u00fcn\u00fc fetheden, sultanlarla g\u00f6n\u00fcl diliyle konu\u015fan, hikmetli s\u00f6zleriyle etraf\u0131na ilim ve irfan \u0131\u015f\u0131klar\u0131 sa\u00e7an bir evliyad\u0131r.<\/p>\n<p>Seyit \u00d6mer, \u2018\u2019Malum \u2018\u2019 unvan\u0131n\u0131 ald\u0131ktan sonra ya\u015fad\u0131\u011f\u0131 k\u00f6ye Malum Seyit k\u00f6y\u00fc denmi\u015ftir. Daha sonradan ismi de\u011fi\u015ftirilerek \u2018\u2019 Dutluca \u2018\u2019 yap\u0131lm\u0131\u015ft\u0131r. Halen Sulusaray il\u00e7esine ba\u011fl\u0131 bir kasabad\u0131r. Seyit \u00d6mer, Horasan\u2019dan gelip b\u00f6lgeye yerle\u015fti\u011finde bir anda halk\u0131n sevgilisi olmu\u015f; halk\u0131n g\u00f6n\u00fcl ba\u011f\u0131n\u0131 g\u00fc\u00e7lendirerek Anadolu\u2019nun T\u00fcrkle\u015fip M\u00fcsl\u00fcmanla\u015fmas\u0131nda \u00f6nemli g\u00f6revi \u00fcstlenmi\u015ftir. Cumhuriyet d\u00f6neminde tekke ve zaviyelerin kapat\u0131lmas\u0131 kanunu \u00e7\u0131kt\u0131ktan sonra kap\u0131s\u0131 duvarla \u00f6r\u00fcl\u00fcp ziyarete yasaklanm\u0131\u015ft\u0131r. Ancak Malum Seyit\u2019in etraf\u0131nda d\u00f6nen menk\u0131beler, g\u00f6n\u00fcl insan\u0131 oldu\u011funun halk aras\u0131nda yay\u0131lmas\u0131 gittik\u00e7e ziyaret\u00e7ilerin artmas\u0131na neden olmu\u015ftur.<\/p>\n<p>Malum Seyit tekkesin de \u00fc\u00e7 sanduka bulunmaktad\u0131r. Bunlardan biri Seyit \u00d6mer Efendiye, biri han\u0131m\u0131na biri de k\u0131z\u0131na aittir. T\u00fcrbede bulunan bir sand\u0131k 11. y\u00fczy\u0131la ait oldu\u011fu san\u0131lan k\u0131l\u0131\u00e7lar vard\u0131r. Seyit \u00d6mer Efendinin\u00a0 Sanca\u011f\u0131 t\u00fcrbenin i\u00e7indedir. T\u00fcrbeye girince sol tarafta bir seccadenin alt\u0131nda \u00f6zel bir b\u00f6l\u00fcmde Seyit \u00d6mer Efendiye ait oldu\u011fu s\u00f6ylenen baz\u0131 e\u015fyalar vard\u0131r. T\u00fcrbenin i\u00e7inde bulunan yaz\u0131l\u0131 ta\u015f\u0131 da Seyit \u00d6mer2 in yazd\u0131\u011f\u0131 s\u00f6ylenir. Rivayetlere g\u00f6re Seyit \u00d6mer Efendi ailesiyle birlikte Horasanda \u00e7\u0131k\u0131p yerle\u015fmek i\u00e7in Anadolu \u2018ya girmi\u015f \u00a0Anadolu\u2019nun do\u011fusundan bat\u0131s\u0131na do\u011fru cennet toprak g\u00fczelli\u011fini seyrede seyre de yurt kurmak i\u00e7in 12. y\u00fczy\u0131l\u0131n sonlar\u0131 ile 13. y\u00fczy\u0131l\u0131n ba\u015flar\u0131nda Tokat \u2018 a kadar uzanm\u0131\u015f ad\u0131n\u0131 alan caminin Miladi 1278 y\u0131l\u0131nda yap\u0131ld\u0131\u011f\u0131na dair bir hitabe var.Tokat\u2019 \u0131n y\u00fcksek da\u011flar\u0131n\u0131 a\u015farak \u015fimdiki Dutluca Kasabas\u0131n\u0131n bulundu\u011fu yere kadar gelmi\u015f. O y\u0131llarda Dutluca Kasabas\u0131n\u0131n oldu\u011fu yerlerde bir a\u011fa ya\u015farm\u0131\u015f, s\u00fcr\u00fc s\u00fcr\u00fc koyunlar\u0131 varm\u0131\u015f. Tekkenin bulundu\u011fu yer bu a\u011fan\u0131n koyunlar\u0131n\u0131n\u00a0 a\u011f\u0131l\u0131ym\u0131\u015f. Seyit \u00d6mer ve han\u0131m\u0131 a\u011f\u0131l\u0131n yan\u0131na gelip oturmu\u015flar.\u00c7oban gelmi\u015f, bakm\u0131\u015f ki \u00a0ya\u015fl\u0131 bir adamla bir kad\u0131n a\u011f\u0131l\u0131 yan\u0131nda oturuyor. \u00c7oban a\u011fas\u0131n\u0131n k\u0131zaca\u011f\u0131n\u0131 d\u00fc\u015f\u00fcnerek ihtiyar\u0131n yan\u0131na gelmi\u015f. Dede burada oturmak olmaz, buras\u0131 a\u011fan\u0131n a\u011f\u0131l\u0131, koyunlar\u0131 yatar, sen kendine ba\u015fka bir yer bul kalk buradan git demi\u015f.<\/p>\n<p>Seyit \u00d6mer \u00e7obana hi\u00e7 cevap vermemi\u015f. \u00c7oban ihtiyar\u0131n kalmad\u0131\u011f\u0131n\u0131 g\u00f6r\u00fcnce daha k\u0131zg\u0131n bir \u015fekilde\u00a0 buradan kalk, a\u011fa gelirse iyi olmaz kalk. Seyit \u00d6mer Efendi cevap vememi\u015f vermesine de olan \u00e7obana olmu\u015f. Dedeye her kalk dedi\u011finde \u00e7oban biraz daha \u015fi\u015fiyormu\u015f. Ne yapaca\u011f\u0131n\u0131 \u015fa\u015f\u0131ran \u00e7oban yar\u0131 y\u00fcr\u00fcyerek , yar\u0131 yuvarlanarak ko\u015fmu\u015f a\u011fas\u0131n\u0131n yan\u0131na a\u011fz\u0131 burnunda g\u00f6be\u011fi \u00e7enesinde \u0131hlaya konu\u015fmu\u015f. Ko\u015f a\u011fa ko\u015f senin a\u011f\u0131l\u0131 ya\u015fl\u0131 bir koca oturdu. Kalk derim kalkmaz git derim gitmez. \u00dcstelik ne hale koydu beni. Beni bu halimden a\u011f\u0131l\u0131da ihtiyardan kurtar, itin k\u00f6pe\u011fin olay\u0131m a\u011fam!<\/p>\n<p>A\u011fa bir \u00e7obana bakm\u0131\u015f bir de \u00e7oban\u0131n s\u00f6ylediklerine. Anlayaca\u011f\u0131n\u0131 anlam\u0131\u015f ko\u015fmu\u015f Seyit \u00d6mer\u2019 in yan\u0131na. A\u011fam Pa\u015fam biz ettik sen etme. Halimize ac\u0131\u00a0 \u00e7oban\u0131 affet dile benden ne dilersem.<\/p>\n<p>Seyit \u00d6mer tatl\u0131 bir \u015fekilde her \u015fey Allah\u2019tand\u0131r. Ben kimseye ilenmedim. Tek dile\u011fim buraya yurt yuva kurmak. \u00c7oban da tutturdu kalk kalk diye. A\u011fa ve \u00e7oban Seyit \u00d6mer\u2019den \u00f6z\u00fcr dilemi\u015f. \u00c7oban eski haline gelmi\u015f A\u011fa da s\u00f6z\u00fcnde durarak tekkenin yerini Seyit \u00d6mer\u2019 e ve ailesine teslim etmi\u015f.<\/p>\n<p><b>NEDEN MALUM SEY\u0130T ?<\/b><\/p>\n<p>Gel zaman git zaman Seyit \u00d6mer\u2019in dinindeki dirayeti , fikirlerindeki isabeti halk\u0131n g\u00f6z\u00fcnden ka\u00e7mam\u0131\u015f.\u00d6bek \u00f6bek y\u00f6re halk\u0131,Seyit \u00d6mer\u2019in feyiz ve ilminden istifade etmek i\u00e7in ak\u0131n etmi\u015f. Durum Sel\u00e7uklu sultanlar\u0131na kadar iletilmi\u015f. Sultan bir ferman ile Seyit \u00d6mer\u2019i y\u00f6renin kad\u0131s\u0131 yapm\u0131\u015f. Uzun bir s\u00fcre halk memnun,devlet memnun zaman akm\u0131\u015f gitmi\u015f. Fakat her iyilik bir yerde, d\u00f6rt elma bir elde durur mu? Y\u00f6rede fitne fesat\u00e7\u0131lar f\u0131rsat bulur olmu\u015f. Kad\u0131 efendinin yapt\u0131klar\u0131n\u0131 defe koyup \u00e7alm\u0131\u015flar! Haber edip Sel\u00e7uklu sultan\u0131na ula\u015ft\u0131rm\u0131\u015flar. Sultan\u0131n Seyit \u00d6mer\u2019e g\u00fcveni tamd\u0131r. Fakat ihbarc\u0131lar\u0131n ard\u0131 arkas\u0131 kesilmez. Sultanda bir el\u00e7i ile Seyit \u00d6mer\u2019e buyruk g\u00f6ndermi\u015f. Tez yan\u0131ma gelsin demi\u015f. El\u00e7i apar topar Seyit \u00d6mer\u2019e buyru\u011fu yeti\u015ftirmi\u015f. Sultan\u0131n arzusunu bildirmi\u015f. Durumu anlayan Seyit \u00d6mer, k\u00fc\u00e7\u00fcc\u00fck bir kutunun yar\u0131s\u0131n\u0131 pamukla yar\u0131s\u0131n\u0131 da\u00a0 kor ate\u015fle doldurmu\u015f. El\u00e7iye, bunu g\u00f6t\u00fcr sultana ver , e\u011fer hediyemi kabul etmez ise gelsin boynumu vurdursun diye haber sald\u0131rm\u0131\u015f. Sel\u00e7uklu saray\u0131ndan gelen el\u00e7i hediyenin ne oldu\u011funu anlamadan al\u0131p g\u00f6t\u00fcrm\u00fc\u015f. Saray halk\u0131 adaletten sapan Seyit \u00d6mer\u2019i beklerken el\u00e7inin elindeki k\u00fc\u00e7\u00fck kutuyu g\u00f6r\u00fcnce meraklanm\u0131\u015f. Do\u011fru sultan\u0131n yan\u0131na gitmi\u015fler. Sultan k\u0131zg\u0131n bir \u015fekilde el\u00e7iye, hani Seyit \u00d6mer\u2019i getirecektin bu ne densizlik diye k\u00fckremi\u015f. El\u00e7i korkuyla ; padi\u015fah\u0131m vallahi su\u00e7 bende de\u011fildir. Size bu kutudaki hediyeyi g\u00f6nderdi\u2026Hediyemi be\u011fenirse be\u011fensin, be\u011fenmezse gelip boynumu vursun dedi. Sultan aya\u011fa kalk\u0131p sayg\u0131yla hediyeyi alm\u0131\u015f. Vezirlerinin yan\u0131nda kutuyu a\u00e7m\u0131\u015f. Ne g\u00f6rs\u00fcn kutunun bir taraf\u0131nda pamuk, bir taraf\u0131nda kor ate\u015f yan yana durmuyor mu? Sultan hi\u00e7 teredd\u00fct etmeden:\u00a0<b>MALUM SEY\u0130D\u0130M MALUM<\/b>\u00a0diye a\u011flam\u0131\u015f. Hemen bir b\u00f6l\u00fck asker ile bir ferman g\u00f6ndermi\u015f. Seyit \u00d6mer bulundu\u011fu yerin yani\u00a0<b>MALUM SEY\u0130T\u2019\u0130N\u00a0<\/b>en y\u00fcksek yerine \u00e7\u0131ks\u0131n. G\u00f6rebildi\u011fi yerleri m\u0131zra\u011f\u0131 ile i\u015faretlesin hepsi onundur, kim ki bu buyru\u011fuma kar\u015f\u0131 \u00e7\u0131karsa boynu vurulsun.\u00a0<b>MALUM SEY\u0130T\u2019\u0130N<\/b>\u00a0mekan\u0131 o belde olsun. Derler ki emir demiri keser. Seyit \u00d6mer\u2019in o g\u00fcnden itibaren ad\u0131\u00a0<b>MALUM SEY\u0130T \u00d6MER<\/b>diye kalm\u0131\u015f. K\u00f6y\u00fcn ad\u0131 da s\u00f6ylene s\u00f6ylene \u00a0<b>MALUM SEY\u0130T \u00d6MER K\u00d6Y\u00dc<\/b>\u00a0olmu\u015f.*<\/p>\n<p>* Kaynak: ALPERENLER CENNET\u0130 TOKAT- M.EM\u0130N ULU \u2013 \u0130STANBUL 2004<\/p>\n<p><strong>\u00a0TOKAT&#8217;IN ESK\u015e\u0130 ADIYLA ARTUKABAD \u015e\u0130MD\u0130K\u0130 ARTOVA \u0130L\u00c7ES\u0130NE BA\u011eLI OLAN DUTLUCA KASABASI<\/strong><\/p>\n<p>AR\u015e\u0130V KAYNAKLARINDA GE\u00c7EN \u0130SM\u0130YLE MALUM SEYY\u0130D TEKKES\u0130NDE BELGELERE G\u00d6RE YERLE\u015e\u0130M\u0130N ESK\u0130 D\u00d6NEMLERDE BA\u015eLADI\u011eI G\u00d6R\u00dcLMEKTED\u0130R.DO\u00c7ENT DOKTOR AL\u0130 A\u00c7IKEL&#8217;\u0130N YAPTI\u011eI ARA\u015eTIRMAYA G\u00d6RE 1455&#8217;TE 28,1485&#8217;TE 29, 1520&#8217;DE 22, 1574&#8217;TE 112 ,1600&#8217;DE AVARIZ VERG\u0130S\u0130 \u00d6DEYEN 27 HANE BULUNMAKTADIR.HANE SAYILARININ YILLAR YILI AZALMASININ SEBEB\u0130 ANADOLU VE RUM EYALETLER\u0130NDEK\u0130 CELAL\u0130 \u0130SYANLARIN VARLI\u011eIDIR.K\u00d6YE ADINI VEREN MALUM SEYY\u0130D EFEND\u0130 HAKKINDA KAYNAKLARDA PEK GEN\u0130\u015e B\u0130LG\u0130LERE RASTLANMAMAKTADIR.R\u0130VAYETLERE G\u00d6RE SEYY\u0130D \u00d6MER HORASAN ERENLER\u0130NDEND\u0130R.E\u015e\u0130 \u0130LE B\u0130RL\u0130KTE \u015eUAN ZAV\u0130YEN\u0130N BULUNDU\u011eU YERE GEL\u0130P OTURMU\u015e O D\u00d6NEMDE\u00a0B\u00d6LGEN\u0130N MUSUL A\u011eASININ HAYVANLARININ OTLA\u011eI OLDU\u011eUDA R\u0130VAYETLER ARASINDADIR.\u00c7OBAN BRE \u0130HT\u0130YAR BURDA NE \u0130\u015e\u0130N VAR KALK G\u0130T BURDAN DEY\u0130NCE ODA\u00a0\u00c7OBANA BRE \u015e\u0130\u015eES\u0130CE DEM\u0130\u015e BU LAF \u00dcZER\u0130NE \u00c7OBAN \u015e\u0130\u015eMEYE BA\u015eLAMI\u015e YARI KO\u015eARAK YARI YUVARLANARAK A\u011eASINA G\u0130D\u0130P A\u011eA BEN\u0130 BU \u0130LLETTEN KURTAR DEM\u0130\u015e A\u011eADA B\u00d6LGEYE GELM\u0130\u015e SEYY\u0130D \u00d6MERDEN \u00d6Z\u00dcR D\u0130LEY\u0130NCE \u00c7OBANIN ESK\u0130 HAL\u0130NED\u00d6ND\u00dc\u011e\u00dcN\u00dc G\u00d6RM\u00dc\u015e VE B\u00d6LGEY\u0130 SEYY\u0130D \u00d6MERE BA\u011eI\u015eLAMI\u015e.SEYY\u0130D \u00d6MER ZAMANLA B\u00d6LGEDE SEV\u0130L\u0130P SAYILAN B\u0130R ZATA D\u00d6N\u00dc\u015eM\u00dc\u015e, HALK ETRAFINDA TOPLANMAYA BA\u015eLAMI\u015e; BUNU HABER ALAN KADIASKER B\u0130R\u00a0EL\u00c7\u0130 G\u00d6NDER\u0130P SEYY\u0130D \u00d6MER EFEND\u0130Y\u0130 S\u0130VASA HUZURUNA EMRETM\u0130\u015e.SEYY\u0130D \u00d6MER EL\u00c7\u0130YE \u0130\u00c7\u0130 KOR ATE\u015e VE PAMUK DOLU B\u0130R KUTU G\u00d6NDERM\u0130\u015e HERKES SEYY\u0130D \u00d6MER\u0130 BEKLERKEN BO\u015e GELEN EL\u00c7\u0130Y\u0130 G\u00d6R\u00dcNCE SEYY\u0130D \u00d6MER\u0130N NEREDE OLDU\u011eUNU SORMU\u015eLAR ODA SEYY\u0130D S\u0130ZE BU KUTUYU G\u00d6NDERD\u0130 KERAMET\u0130ME \u0130NANMAZSA GELS\u0130N BOYNUMU VURSUN DED\u0130 DEM\u0130\u015e MERAKLA KUTUYU A\u00c7AN KADI ASKER G\u00d6RD\u00dcKLER\u0130 KAR\u015eISINDA HAYRETE D\u00dc\u015eM\u00dc\u015e KOR VE PAMUK OLDU\u011eU G\u0130B\u0130 DURUYORMU\u015e\u00a0SEYY\u0130D&#8217;\u0130N KERAMET\u0130NE \u0130NANMI\u015e VE ONA SABAH G\u00dcN DO\u011eARKEN ATINA B\u0130N G\u00dcN BATIMINA KADAR GEZD\u0130\u011e\u0130N YERLER\u0130N \u00d6\u015e\u00dcR\u00dc SEN\u0130N DEM\u0130\u015e.AK\u015eAMA KADAR ON K\u00d6Y GEZD\u0130\u011e\u0130 R\u0130VAYET EDEN SEYY\u0130D \u00d6MER BU ON KJ\u00d6Y\u00dcN ORTASINDA YER ALAN BUG\u00dcNK\u00dc DUTLUCA KASABASINDA SEYY\u0130D \u00d6MER ZAV\u0130YES\u0130N\u0130 KURMU\u015e, MEDRESE VE \u0130MARETHANE YAPMI\u015e BU ZAV\u0130YEYE H\u0130TABENDE K\u00d6YE MALUM SEYY\u0130D TEKKES\u0130 ADI VER\u0130LM\u0130\u015eT\u0130R\u00c7<br \/>\n.<br \/>\n<strong>B\u0130BL\u0130YOGRAFYA(KAYNAK\u00c7A)<\/strong><\/p>\n<p><strong><br \/>\n<\/strong>A\u00c7IKEL Ali,\u00a0SUSAM Tekin, ARTUKABAD KAZASININ YERLE\u015e\u0130M VE N\u00dcFUS YAPISI(1455-1600), 2003<br \/>\nKUCUR S.Sadi, S\u0130VAS TOKAT VE AMASYADA SEL\u00c7UKLU BEYL\u0130KLER DEVR\u0130 VAKIFLARI, \u0130STANBUL, 1993<br \/>\nULU Mehmet Emin, ALPERENLER CENNET\u0130 TOKAT,\u00a0\u0130STANBUL,\u00a02004<\/p>\n","protected":false},"excerpt":{"rendered":"<p>&nbsp; Tokat&#8217;\u0131n il\u00e7esi olan Sulusaray&#8217;a 6 km uzakl\u0131kta olan Dutluca kasabas\u0131\u00a0 ge\u00e7mi\u015ften g\u00fcn\u00fcm\u00fcze\u00a0kadar \u00e7ok geli\u015fmese de baz\u0131 yenilikler yap\u0131lm\u0131\u015ft\u0131r. \u0130lk \u00f6nceleri\u00a0\u201cPelitli Tekkesi\u201c k\u00f6y\u00fc olarak bilinen kasabam\u0131z daha sonralar\u0131\u00a0\u201cMalum Seyit Tekkesi\u201d ismini alm\u0131\u015f ve bu isimle civarlarda yayg\u0131nla\u015fm\u0131\u015ft\u0131r. Kasabam\u0131z\u00a0\u00a0daha sonradan yap\u0131lan de\u011fi\u015fiklikle\u00a0\u201cDutluca\u201d\u00a0kasabas\u0131\u00a0 ad\u0131n\u0131 alm\u0131\u015ft\u0131r. Kasabam\u0131zda bir tane dahi dut a\u011fac\u0131 olmamas\u0131na ra\u011fmen tamamen tesad\u00fcf eseri bu [&hellip;]<\/p>\n","protected":false},"author":35,"featured_media":0,"parent":0,"menu_order":0,"comment_status":"closed","ping_status":"closed","template":"","meta":{"footnotes":""},"class_list":["post-477","page","type-page","status-publish","hentry"],"_links":{"self":[{"href":"https:\/\/www.masev.org\/dernek\/wp-json\/wp\/v2\/pages\/477","targetHints":{"allow":["GET"]}}],"collection":[{"href":"https:\/\/www.masev.org\/dernek\/wp-json\/wp\/v2\/pages"}],"about":[{"href":"https:\/\/www.masev.org\/dernek\/wp-json\/wp\/v2\/types\/page"}],"author":[{"embeddable":true,"href":"https:\/\/www.masev.org\/dernek\/wp-json\/wp\/v2\/users\/35"}],"replies":[{"embeddable":true,"href":"https:\/\/www.masev.org\/dernek\/wp-json\/wp\/v2\/comments?post=477"}],"version-history":[{"count":0,"href":"https:\/\/www.masev.org\/dernek\/wp-json\/wp\/v2\/pages\/477\/revisions"}],"wp:attachment":[{"href":"https:\/\/www.masev.org\/dernek\/wp-json\/wp\/v2\/media?parent=477"}],"curies":[{"name":"wp","href":"https:\/\/api.w.org\/{rel}","templated":true}]}}