{"id":334,"date":"2015-12-25T15:49:03","date_gmt":"2015-12-25T13:49:03","guid":{"rendered":"http:\/\/rasimyagar.com\/?page_id=334"},"modified":"2016-02-11T16:02:06","modified_gmt":"2016-02-11T16:02:06","slug":"misyonumuz","status":"publish","type":"page","link":"https:\/\/www.masev.org\/dernek\/misyonumuz\/","title":{"rendered":"Misyonumuz"},"content":{"rendered":"<div><\/div>\n<div>1-Faaliyetlerinin etkinle\u015ftirilmesi ve geli\u015ftirilmesi i\u00e7in ara\u015ft\u0131rmalar yapmak,<\/div>\n<p>&nbsp;<\/p>\n<div>2-Kurs, seminer, konferans ve panel gibi e\u011fitim \u00e7al\u0131\u015fmalar\u0131 d\u00fczenlemek,<\/div>\n<p>&nbsp;<\/p>\n<div>3-Amac\u0131n ger\u00e7ekle\u015ftirilmesi i\u00e7in gerekli olan her t\u00fcrl\u00fc bilgi, belge, dok\u00fcman ve yay\u0131nlar\u0131 temin etmek, dok\u00fcmantasyon merkezi olu\u015fturmak, \u00e7al\u0131\u015fmalar\u0131n\u0131 duyurmak i\u00e7in ama\u00e7lar\u0131 do\u011frultusunda gazete, dergi,Web sitesi kurmak ya da kurdurmak, kitap gibi yay\u0131nlar ile \u00fcyelerine da\u011f\u0131tmak \u00fczere \u00e7al\u0131\u015fma ve bilgilendirme b\u00fcltenleri \u00e7\u0131karmak,<\/div>\n<p>&nbsp;<\/p>\n<div>4-Amac\u0131n ger\u00e7ekle\u015ftirilmesi i\u00e7in\u00a0 sa\u011fl\u0131kl\u0131 bir \u00e7al\u0131\u015fma ortam\u0131n\u0131 sa\u011flamak, her t\u00fcrl\u00fc teknik ara\u00e7 ve gereci, demirba\u015f ve k\u0131rtasiye malzemelerini temin etmek,<\/div>\n<p>&nbsp;<\/p>\n<div>5-Gerekli izinler al\u0131nmak \u015fart\u0131yla yard\u0131m toplama faaliyetlerinde bulunmak ve yurt i\u00e7inden ve yurt d\u0131\u015f\u0131ndan ba\u011f\u0131\u015f kabul etmek,<\/div>\n<p>&nbsp;<\/p>\n<div>6-T\u00fcz\u00fck ama\u00e7lar\u0131n\u0131n ger\u00e7ekle\u015ftirilmesi i\u00e7in ihtiya\u00e7 duydu\u011fu gelirleri temin etmek amac\u0131yla iktisadi, ticari ve sanayi i\u015fletmeler\u00a0 kurmak ve i\u015fletmek,<\/div>\n<p>&nbsp;<\/p>\n<div>7-\u00dcyelerinin yararlanmalar\u0131 ve bo\u015f zamanlar\u0131n\u0131 de\u011ferlendirebilmeleri i\u00e7in lokal a\u00e7mak, sosyal ve k\u00fclt\u00fcrel tesisler kurmak ,bunlar\u0131 i\u015fletmek ve bunlar\u0131 tefri\u015f etmek,<\/div>\n<p>&nbsp;<\/p>\n<div>8-\u00dcyeleri aras\u0131nda be\u015feri m\u00fcnasebetlerin geli\u015ftirilmesi ve devam ettirilmesi i\u00e7in\u00a0 yemekli toplant\u0131lar, konser, balo, tiyatro, sergi, spor, gezi ve e\u011flenceli etkinlikler vb. d\u00fczenlemek veya \u00fcyelerinin bu t\u00fcr etkinliklerden yararlanmalar\u0131n\u0131 sa\u011flamak,<\/div>\n<p>&nbsp;<\/p>\n<div>9-Dernek faaliyetleri i\u00e7in ihtiya\u00e7 duyulan ta\u015f\u0131n\u0131r, ta\u015f\u0131nmaz mal sat\u0131n almak, satmak, kiralamak, kiraya vermek ve ta\u015f\u0131nmazlar \u00fczerinde\u00a0 hak tesis etmek<\/div>\n<p>&nbsp;<\/p>\n<div>10-Amac\u0131n ger\u00e7ekle\u015ftirilmesi i\u00e7in gerek g\u00f6r\u00fclmesi durumunda vak\u0131f kurmak, federasyon kurmak veya\u00a0 kurulu bir federasyona kat\u0131lmak, Gerekli izin al\u0131narak derneklerin izinle kurabilece\u011fi tesisleri kurmak,<\/div>\n<p>&nbsp;<\/p>\n<div>11-Uluslararas\u0131 faaliyette bulunmak, yurt d\u0131\u015f\u0131ndaki dernek veya kurulu\u015flara \u00fcye olmak ve bu kurulu\u015flarla proje baz\u0131nda\u00a0 ortak\u00a0 \u00e7al\u0131\u015fmalar yapmak veya yard\u0131mla\u015fmak,<\/div>\n<p>&nbsp;<\/p>\n<div>12-Derne\u011fin amac\u0131n\u0131 ger\u00e7ekle\u015ftirmek \u00fczere, benzer ama\u00e7l\u0131 derneklerden, i\u015f\u00e7i ve i\u015fveren sendikalar\u0131ndan ve meslek\u00ee kurulu\u015flardan madd\u00ee yard\u0131m almak ve ad\u0131 ge\u00e7en kurumlara madd\u00ee yard\u0131mda bulunmak,<\/div>\n<p>&nbsp;<\/p>\n<div>13-Amac\u0131n ger\u00e7ekle\u015ftirilmesi i\u00e7in gerek g\u00f6r\u00fclmesi halinde, 5072 say\u0131l\u0131 Dernek ve Vak\u0131flar\u0131n Kamu Kurum ve Kurulu\u015flar\u0131 ile \u0130li\u015fkilerine Dair Kanun h\u00fck\u00fcmleri sakl\u0131 kalmak \u00fczere, kamu kurum ve kurulu\u015flar\u0131 ile g\u00f6rev alanlar\u0131na giren konularda ortak projeler y\u00fcr\u00fctmek,<\/div>\n<p>&nbsp;<\/p>\n<div>14-Dernek \u00fcyelerinin yiyecek, giyecek gibi zaruri ihtiya\u00e7 maddelerini ve di\u011fer mal ve hizmetlerle k\u0131sa vadeli kredi ihtiya\u00e7lar\u0131n\u0131 kar\u015f\u0131lamak amac\u0131yla sand\u0131k kurmak,<\/div>\n<p>&nbsp;<\/p>\n<div>15-Gerekli g\u00f6r\u00fclen yerlerde \u015fube ve temsilcilikler a\u00e7mak,<\/div>\n<p>&nbsp;<\/p>\n<div>16-Derne\u011fin amac\u0131 ile ilgisi bulunan ve kanunlarla yasaklanmayan alanlarda, di\u011fer derneklerle veya vak\u0131f, sendika ve benzeri sivil toplum kurulu\u015flar\u0131yla ortak bir amac\u0131 ger\u00e7ekle\u015ftirmek i\u00e7in pl\u00e2tformlar olu\u015fturmak<\/div>\n","protected":false},"excerpt":{"rendered":"<p>1-Faaliyetlerinin etkinle\u015ftirilmesi ve geli\u015ftirilmesi i\u00e7in ara\u015ft\u0131rmalar yapmak, &nbsp; 2-Kurs, seminer, konferans ve panel gibi e\u011fitim \u00e7al\u0131\u015fmalar\u0131 d\u00fczenlemek, &nbsp; 3-Amac\u0131n ger\u00e7ekle\u015ftirilmesi i\u00e7in gerekli olan her t\u00fcrl\u00fc bilgi, belge, dok\u00fcman ve yay\u0131nlar\u0131 temin etmek, dok\u00fcmantasyon merkezi olu\u015fturmak, \u00e7al\u0131\u015fmalar\u0131n\u0131 duyurmak i\u00e7in ama\u00e7lar\u0131 do\u011frultusunda gazete, dergi,Web sitesi kurmak ya da kurdurmak, kitap gibi yay\u0131nlar ile \u00fcyelerine da\u011f\u0131tmak \u00fczere \u00e7al\u0131\u015fma [&hellip;]<\/p>\n","protected":false},"author":35,"featured_media":0,"parent":0,"menu_order":0,"comment_status":"closed","ping_status":"closed","template":"","meta":{"footnotes":""},"class_list":["post-334","page","type-page","status-publish","hentry"],"_links":{"self":[{"href":"https:\/\/www.masev.org\/dernek\/wp-json\/wp\/v2\/pages\/334","targetHints":{"allow":["GET"]}}],"collection":[{"href":"https:\/\/www.masev.org\/dernek\/wp-json\/wp\/v2\/pages"}],"about":[{"href":"https:\/\/www.masev.org\/dernek\/wp-json\/wp\/v2\/types\/page"}],"author":[{"embeddable":true,"href":"https:\/\/www.masev.org\/dernek\/wp-json\/wp\/v2\/users\/35"}],"replies":[{"embeddable":true,"href":"https:\/\/www.masev.org\/dernek\/wp-json\/wp\/v2\/comments?post=334"}],"version-history":[{"count":1,"href":"https:\/\/www.masev.org\/dernek\/wp-json\/wp\/v2\/pages\/334\/revisions"}],"predecessor-version":[{"id":1298,"href":"https:\/\/www.masev.org\/dernek\/wp-json\/wp\/v2\/pages\/334\/revisions\/1298"}],"wp:attachment":[{"href":"https:\/\/www.masev.org\/dernek\/wp-json\/wp\/v2\/media?parent=334"}],"curies":[{"name":"wp","href":"https:\/\/api.w.org\/{rel}","templated":true}]}}